{"id":195,"date":"2021-03-15T03:07:19","date_gmt":"2021-03-15T09:07:19","guid":{"rendered":"https:\/\/lanubesota.mx\/x_2\/?page_id=195"},"modified":"2023-05-09T12:01:01","modified_gmt":"2023-05-09T18:01:01","slug":"aviso-de-privacidad","status":"publish","type":"page","link":"https:\/\/lanubesota.mx\/x_2\/aviso-de-privacidad\/","title":{"rendered":"Aviso de privacidad"},"content":{"rendered":"\t\t<div data-elementor-type=\"wp-page\" data-elementor-id=\"195\" class=\"elementor elementor-195\" data-elementor-post-type=\"page\">\n\t\t\t\t\t\t<section class=\"elementor-section elementor-top-section elementor-element elementor-element-5fb67a0 elementor-section-boxed elementor-section-height-default elementor-section-height-default\" data-id=\"5fb67a0\" data-element_type=\"section\">\n\t\t\t\t\t\t<div class=\"elementor-container elementor-column-gap-default\">\n\t\t\t\t\t<div class=\"elementor-column elementor-col-100 elementor-top-column elementor-element elementor-element-0fe77ac\" data-id=\"0fe77ac\" data-element_type=\"column\">\n\t\t\t<div class=\"elementor-widget-wrap elementor-element-populated\">\n\t\t\t\t\t\t<div class=\"elementor-element elementor-element-4540e87 elementor-widget elementor-widget-spacer\" data-id=\"4540e87\" data-element_type=\"widget\" data-widget_type=\"spacer.default\">\n\t\t\t\t<div class=\"elementor-widget-container\">\n\t\t\t\t\t\t\t<div class=\"elementor-spacer\">\n\t\t\t<div class=\"elementor-spacer-inner\"><\/div>\n\t\t<\/div>\n\t\t\t\t\t\t<\/div>\n\t\t\t\t<\/div>\n\t\t\t\t<div class=\"elementor-element elementor-element-02f5772 elementor-view-default elementor-widget elementor-widget-icon\" data-id=\"02f5772\" data-element_type=\"widget\" data-widget_type=\"icon.default\">\n\t\t\t\t<div class=\"elementor-widget-container\">\n\t\t\t\t\t\t\t<div class=\"elementor-icon-wrapper\">\n\t\t\t<div class=\"elementor-icon\">\n\t\t\t<svg xmlns=\"http:\/\/www.w3.org\/2000\/svg\" xmlns:xlink=\"http:\/\/www.w3.org\/1999\/xlink\" xmlns:svgjs=\"http:\/\/svgjs.com\/svgjs\" width=\"512\" height=\"512\" x=\"0\" y=\"0\" viewBox=\"0 0 358.051 358.051\" style=\"enable-background:new 0 0 512 512\" xml:space=\"preserve\"><g><g xmlns=\"http:\/\/www.w3.org\/2000\/svg\">\t<path d=\"M226.228,134.937c-2.311-2.31-5.532-3.635-8.838-3.635c-3.353,0-6.49,1.29-8.837,3.635l-43.762,43.761l-15.112-15.114   c-2.36-2.353-5.496-3.649-8.829-3.649c-3.336,0-6.474,1.298-8.837,3.659c-2.361,2.362-3.662,5.502-3.662,8.84   c0,3.341,1.302,6.481,3.661,8.839l23.949,23.951c2.341,2.336,5.477,3.622,8.828,3.622c0.001,0,0.001,0,0.001,0   c3.353,0,6.488-1.287,8.84-3.631l52.6-52.599C231.102,147.744,231.103,139.815,226.228,134.937z\" fill=\"#0e71b9\" data-original=\"#000000\" style=\"\"><\/path>\t<path d=\"M324.957,73.791c-0.198-2.277-1.577-4.283-3.632-5.282L181.869,0.655c-1.795-0.874-3.893-0.874-5.688,0L36.726,68.508   c-2.055,1-3.435,3.005-3.632,5.282c-0.178,2.046-4.177,50.8,11.229,110.347c9.075,35.077,23.049,66.544,41.533,93.527   c23.183,33.841,53.522,60.642,90.177,79.657c0.938,0.487,1.966,0.73,2.993,0.73s2.055-0.243,2.993-0.73   c36.654-19.015,66.995-45.815,90.178-79.657c18.484-26.983,32.458-58.45,41.532-93.527   C329.134,124.59,325.135,75.837,324.957,73.791z M179.025,251.701c-45.588,0-82.676-37.088-82.676-82.676   s37.088-82.676,82.676-82.676s82.676,37.088,82.676,82.676S224.613,251.701,179.025,251.701z\" fill=\"#0e71b9\" data-original=\"#000000\" style=\"\"><\/path><\/g><g xmlns=\"http:\/\/www.w3.org\/2000\/svg\"><\/g><g xmlns=\"http:\/\/www.w3.org\/2000\/svg\"><\/g><g xmlns=\"http:\/\/www.w3.org\/2000\/svg\"><\/g><g xmlns=\"http:\/\/www.w3.org\/2000\/svg\"><\/g><g xmlns=\"http:\/\/www.w3.org\/2000\/svg\"><\/g><g xmlns=\"http:\/\/www.w3.org\/2000\/svg\"><\/g><g xmlns=\"http:\/\/www.w3.org\/2000\/svg\"><\/g><g xmlns=\"http:\/\/www.w3.org\/2000\/svg\"><\/g><g xmlns=\"http:\/\/www.w3.org\/2000\/svg\"><\/g><g xmlns=\"http:\/\/www.w3.org\/2000\/svg\"><\/g><g xmlns=\"http:\/\/www.w3.org\/2000\/svg\"><\/g><g xmlns=\"http:\/\/www.w3.org\/2000\/svg\"><\/g><g xmlns=\"http:\/\/www.w3.org\/2000\/svg\"><\/g><g xmlns=\"http:\/\/www.w3.org\/2000\/svg\"><\/g><g xmlns=\"http:\/\/www.w3.org\/2000\/svg\"><\/g><\/g><\/svg>\t\t\t<\/div>\n\t\t<\/div>\n\t\t\t\t\t\t<\/div>\n\t\t\t\t<\/div>\n\t\t\t\t<div class=\"elementor-element elementor-element-4582282 elementor-widget elementor-widget-text-editor\" data-id=\"4582282\" data-element_type=\"widget\" data-widget_type=\"text-editor.default\">\n\t\t\t\t<div class=\"elementor-widget-container\">\n\t\t\t\t\t\t\t\t\t<h2 style=\"text-align: center;\"><span style=\"color: #0e71b9;\"><strong>AVISO DE PRIVACIDAD<\/strong><\/span><\/h2><p><strong>NZXT TELECOMUNICACIONES DE MEXICO, S.A. DE C.V.<\/strong>. tiene un serio compromiso y da estricto cumplimiento a la ley. Asimismo mantiene pol\u00edticas cuyo objeto es salvaguardar la confidencialidad de los datos a los que tiene acceso. Usted nos est\u00e1 permitiendo tener acceso a ciertos datos personales, es por lo anterior que por medio del presente dando cumplimiento a la Ley Federal de Protecci\u00f3n de Datos Personales en Posesi\u00f3n de los Particulares (de aqu\u00ed en adelante \u201cLa Ley\u201d), se hace entrega del Aviso de Privacidad a que se refieren los art\u00edculos 2, 16, 17 y 36 de la Ley, a continuaci\u00f3n se proporciona la informaci\u00f3n correspondiente:<\/p><p>1: Informaci\u00f3n del responsable que recaba los datos: NZXT TELECOMUNICACIONES DE MEXICO, S.A. DE C.V., mismo que estar\u00e1 disponible en el sitio web: https:\/\/www.lanubesota.mx\/x_1\/aviso-de-privacidad\/ con su nombre comercial LaNubesota.MX.<\/p><p>2: Domicilio: Presa Falc\u00f3n 128, 1er Piso, Colonia Irrigaci\u00f3n, Delegaci\u00f3n Miguel Hidalgo, C.P. 11500 en M\u00e9xico, Ciudad de M\u00e9xico.<\/p><p>3: Los datos personales que se solicitan son: Nombre del Titular de la Informaci\u00f3n, domicilio, RFC, tel\u00e9fono, n\u00famero de cuenta de facturaci\u00f3n, fecha de nacimiento, datos bancarios, correo electr\u00f3nico, direcci\u00f3n IP, navegador y sistema operativo utilizado para accesar a nuestra p\u00e1gina web, as\u00ed como a portales varios de administraci\u00f3n y operaci\u00f3n de la plataforma, los cuales \u00fanicamente podr\u00e1n ser recabados mediante el portal antes mencionado o bien v\u00eda telef\u00f3nica por personal autorizado por NZXT Telecomunicaciones de M\u00e9xico S.A. de C.V.<\/p><p>4: La finalidad del tratamiento de los datos que se recaban es de acuerdo a lo que se mencion\u00f3 previo a recabar sus datos. Esta informaci\u00f3n deber\u00e1 usarse de para:<\/p><p>Ofrecerle productos y servicios, ya sea de manera f\u00edsica, telef\u00f3nica, electr\u00f3nica o por cualquier otra tecnolog\u00eda o medio que est\u00e9 al alcance de LaNubesota.MX,<br \/>Hacer de su conocimiento nuevos productos o servicios que puedan ser de inter\u00e9s en relaci\u00f3n con el servicio contratado,<br \/>Realizar cualquier tipo de gestiones de cobranza sobre saldos pendientes de pago derivados de la relaci\u00f3n comercial,<br \/>Cualquier otra acci\u00f3n que sea necesaria para cumplir con los intereses de LaNubesota.MX respecto al acuerdo que haya llegado con el Titular de la Informaci\u00f3n.<\/p><p>5: El Titular de la Informaci\u00f3n reconoce y acepta, que debido a su relaci\u00f3n con LaNubesota.MX no ha proporcionado, ni tendr\u00e1 que proporcionar \u201cdatos personales sensibles\u201d, es decir, aquellos datos personales \u00edntimos o cuya realizaci\u00f3n debida o indebida pueda dar origen a discriminaci\u00f3n o conlleve un riesgo grave para \u00e9ste.<\/p><p>6: Su informaci\u00f3n se encuentra debidamente resguardada conforme a las disposiciones de seguridad administrativa, t\u00e9cnica y f\u00edsica, establecidas en la Ley de la materia, para protegerla de los posibles da\u00f1os, perdidas, alteraci\u00f3n o acceso no autorizado.<br \/>Nuestras plataformas, cuentan con el servicio de candados de seguridad SSL (SECURE SOCKET LAYER) para la protecci\u00f3n de sus datos personales.<\/p><p>7: Usted como titular de los datos puede contactarnos a efecto, de as\u00ed convenir a sus intereses, limitar o restringir el uso o divulgaci\u00f3n de sus datos personales, por lo que de manera inmediata procederemos con la restricci\u00f3n o limitaci\u00f3n en la base de datos, mismo que se realizar\u00e1 a trav\u00e9s del mismo medio por el cual se hacen valer los derechos ARCO, es decir, mediante una solicitud.<\/p><p>Como Titular de tus Datos Personales te informamos que podr\u00e1s inscribirte en el Registro P\u00fablico para Evitar Publicidad (REPEP), que est\u00e1 a cargo de la Procuradur\u00eda Federal del Consumidor (PROFECO), con la finalidad de que tus Datos Personales, no sean utilizados para recibir publicidad y marketing. Para mayor informaci\u00f3n sobre \u00e9ste registro, puedes consultar el portal de Internet del REPEP de PROFECO ingresando a www.repep.profeco.gob.mx, o bien acudir personalmente a PROFECO.<\/p><p>8: Los datos personales que ahora nos suministra, no ser\u00e1n transferidos a menos que:<\/p><p>Usted lo autorice de manera expresa.<br \/>Lo requiera o permita la Ley.<br \/>La transferencia se realice a empresas de nuestro mismo grupo corporativo.<\/p><p>9: El uso de los datos personales que nos proporciona ser\u00e1 exclusivamente el se\u00f1alado en el momento en que usted los proporciona.<br \/>La Ley garantiza los derechos de, quienes como Usted, son titulares de datos personales, tales derechos son conocidos como ARCO, los cuales consisten en:<\/p><p>A = Derecho de acceso a la informaci\u00f3n de sus datos personales.<br \/>R = Derecho a la rectificaci\u00f3n de sus datos personales.<br \/>C = Derecho a la correcci\u00f3n de sus datos personales.<br \/>O = Derecho de oposici\u00f3n al uso de sus datos personales.<\/p><p>Usted podr\u00e1 hacer valer estos derechos \u201cARCO\u201d de la siguiente forma: \u2022<\/p><p>A: Dirigir un escrito a NZXT TELECOMUNICACIONES DE MEXICO, S.A. DE C.V., el cual le pedimos contenga la siguiente informaci\u00f3n:<\/p><p>Su nombre, su domicilio o medio para poder contactarlo.<br \/>Identificaci\u00f3n oficial (En su caso documento que acredite la representaci\u00f3n del titular de los datos personales).<br \/>Describir precisamente los datos personales respecto de los cuales Usted desea ejercer cualquiera de los siguientes derechos: acceso, rectificaci\u00f3n, correcci\u00f3n u oposici\u00f3n al uso de sus datos personales.<\/p><p>B: Cuando Usted se dirija a nosotros, le pedimos atentamente lo haga por medio telef\u00f3nico (01 800 070 0010), Email (hola@lanubesota.mx) Usted recibir\u00e1 una respuesta por nuestra parte en un t\u00e9rmino no mayor de 20 (veinte) d\u00edas h\u00e1biles a partir de que recibamos su solicitud. LaNubesota.MX Se reserva el derecho de cambiar, modificar, complementar y\/o alterar el presente aviso, en cualquier momento, en cuyo caso se har\u00e1 de su conocimiento a trav\u00e9s de cualquiera de los medios que establece la legislaci\u00f3n en la materia.<\/p><p>Para revocar su consentimiento deber\u00e1 presentar su solicitud a trav\u00e9s de los medios se\u00f1alados y siguiendo el procedimiento establecido en este Aviso de Privacidad para el ejercicio de los derechos ARCO. La informaci\u00f3n y\/o documentaci\u00f3n que deber\u00e1 contener la solicitud es la siguiente:<\/p><p>1. Nombre del titular y domicilio u otro medio para comunicarle la respuesta a su solicitud;<\/p><p>2. Los documentos que acrediten la identidad o, en su caso, la representaci\u00f3n legal del titular;<\/p><p>3. La descripci\u00f3n clara y precisa de los datos personales respecto de los que se busca revocar el consentimiento, indicando si la revocaci\u00f3n que pretende es total o parcial; y<\/p><p>4. Cualquier otro elemento o documento que facilite la localizaci\u00f3n de los datos personales.<\/p><p>Queremos por este medio agradecerle su confianza y le aseguramos que en NZXT TELECOMUNICACIONES DE MEXICO, S.A. DE C.V. salvaguardaremos su informaci\u00f3n.<\/p><p>11.LaNubesota.MX, bajo ninguna circunstancia, revela datos personales a terceros salvo que la ley aplicable lo requiera.<\/p><p>Cookies: Son archivos de datos que se almacenan en el disco duro del equipo de c\u00f3mputo o del dispositivo de comunicaciones electr\u00f3nicas de un usuario al navegar en un sitio de Internet espec\u00edfico, el cual permite intercambiar informaci\u00f3n de estado entre dicho sitio y el navegador del usuario. La informaci\u00f3n de estado puede revelar medios de identificaci\u00f3n de sesi\u00f3n, autenticaci\u00f3n o preferencias del usuario, as\u00ed como cualquier otro dato almacenado por el navegador respecto al sitio de Internet.<\/p><p>Web beacons: Son una imagen visible u oculta insertada dentro de un sitio web o correo electr\u00f3nico, que se utiliza para monitorear el comportamiento del usuario en estos medios. A trav\u00e9s de \u00e9stos se puede obtener informaci\u00f3n como la direcci\u00f3n IP de origen, navegador utilizado, sistema operativo, momento en que se accedi\u00f3 a la p\u00e1gina, y en el caso del correo electr\u00f3nico, la asociaci\u00f3n de los datos anteriores con el destinatario.LaNubesota.MX puede utilizar cookies o web beacons para facilitar la navegaci\u00f3n y para obtener una mayor eficacia facilitando la personalizaci\u00f3n de los servicios ofrecidos a los visitantes en su portal. Las cookies o web beacons usadas, no proporcionan referencias que permitan deducir el nombre y apellidos del visitante y no pueden leer datos de su disco duro ni incluir virus en sus textos.<\/p><p>El usuario puede configurar su navegador para aceptar o rechazar por defecto todas las cookies o web beacons o para recibir un aviso en pantalla de la recepci\u00f3n de cada cookie o web beacons y decidir en ese momento su implantaci\u00f3n o no en su disco duro.<\/p><p>12.- El presente Aviso de Privacidad constituye el entendimiento y aceptaci\u00f3n con el titular de los datos y tiene su derecho a acudir al Instituto Nacional de Transparencia, Acceso a la Informaci\u00f3n y Protecci\u00f3n de Datos Personales tambi\u00e9n dicho aviso puede sufrir modificaciones, cambios o actualizaciones derivadas de nuevos requerimientos legales; de nuestras propias necesidades por los productos o servicios que ofrecemos; de nuestras pr\u00e1cticas de privacidad; de cambios en nuestro modelo de negocio, o por otras causas. Es nuestro compromiso mantenerlo informado sobre los cambios que pueda sufrir el presente Aviso de Privacidad Integral, a trav\u00e9s de nuestra p\u00e1gina de internet siendo que su \u00faltima modificaci\u00f3n fue en Agosto de 2018<\/p>\t\t\t\t\t\t\t\t<\/div>\n\t\t\t\t<\/div>\n\t\t\t\t\t<\/div>\n\t\t<\/div>\n\t\t\t\t\t<\/div>\n\t\t<\/section>\n\t\t\t\t<\/div>\n\t\t","protected":false},"excerpt":{"rendered":"<p>AVISO DE PRIVACIDAD NZXT TELECOMUNICACIONES DE MEXICO, S.A. DE C.V.. tiene un serio compromiso y da estricto cumplimiento a la ley. Asimismo mantiene pol\u00edticas cuyo objeto es salvaguardar la confidencialidad de los datos a los que tiene acceso. Usted nos est\u00e1 permitiendo tener acceso a ciertos datos personales, es por lo anterior que por medio&#8230;<\/p>\n","protected":false},"author":1,"featured_media":0,"parent":0,"menu_order":0,"comment_status":"closed","ping_status":"closed","template":"","meta":{"_joinchat":[],"footnotes":""},"class_list":["post-195","page","type-page","status-publish","hentry","no-post-thumbnail"],"_links":{"self":[{"href":"https:\/\/lanubesota.mx\/x_2\/wp-json\/wp\/v2\/pages\/195","targetHints":{"allow":["GET"]}}],"collection":[{"href":"https:\/\/lanubesota.mx\/x_2\/wp-json\/wp\/v2\/pages"}],"about":[{"href":"https:\/\/lanubesota.mx\/x_2\/wp-json\/wp\/v2\/types\/page"}],"author":[{"embeddable":true,"href":"https:\/\/lanubesota.mx\/x_2\/wp-json\/wp\/v2\/users\/1"}],"replies":[{"embeddable":true,"href":"https:\/\/lanubesota.mx\/x_2\/wp-json\/wp\/v2\/comments?post=195"}],"version-history":[{"count":1,"href":"https:\/\/lanubesota.mx\/x_2\/wp-json\/wp\/v2\/pages\/195\/revisions"}],"predecessor-version":[{"id":4481,"href":"https:\/\/lanubesota.mx\/x_2\/wp-json\/wp\/v2\/pages\/195\/revisions\/4481"}],"wp:attachment":[{"href":"https:\/\/lanubesota.mx\/x_2\/wp-json\/wp\/v2\/media?parent=195"}],"curies":[{"name":"wp","href":"https:\/\/api.w.org\/{rel}","templated":true}]}}